t q(d) be the first derivative of -3*d**4/4 - 2*d**3/3 - d**2/2 - d - 6. Is 13 a factor of q(-3)?
True
Suppose -2*d + 0*d - 12 = 4*r, 2*d = -5*r - 16. Suppose d*w + 235 = -3*w. Let n = w + 87. Is n a multiple of 8?
True
Let w(j) be the first derivative of 2*j**3/3 - j**2/2 + 13*j + 20. Is 13 a factor of w(-6)?
True
Let i(n) = 73*n**2 - 28*n - 11. Is 38 a factor of i(-3)?
False
Let j be (-1 + 2)/((-2)/(-6)). Suppose 3*h - 160 = -4*y, -2*y - j*y - 220 = -5*h. Does 5 divide h?
False
Let m(a) = -14*a - 4 - 2 - 4 + 9*a. Does 2 divide m(-4)?
True
Let n be 13 - 10 - 1*-3. Suppose -n*h + h = -230. Is 8 a factor of h?
False
Let c(q) be the first derivative of -57*q**2/2 + 5*q + 9. Is c(-1) a multiple of 33?
False
Suppose -2*x = -5*x + x. Is x - -82 - 1*-2 a multiple of 25?
False
Let u(y) = y**3 + 4*y**2 + 2. Let g be u(-4). Is 5 a factor of g/((-4)/(-18)) + -3?
False
Let o = 93 - 99. Let s(t) = 2*t - 3*t + 8 - 3*t. Is 16 a factor of s(o)?
True
Let u = 80 - 33. Let v = -3 + u. Is v a multiple of 29?
False
Let q(n) = -2*n**3 - 5*n**2 - 9*n + 7. Let s(p) = -p**3 - 2*p**2 - 5*p + 4. Let o(d) = -3*q(d) + 5*s(d). Is o(-3) a multiple of 8?
False
Let j(f) be the second derivative of -f**6/360 - f**5/24 + 3*f**4/8 - 3*f**3/2 + f. Let g(q) be the second derivative of j(q). Is 3 a factor of g(-5)?
True
Suppose -5*y + 642 = -3873. Is y a multiple of 43?
True
Let v = -57 - 49. Let g = v + 325. Is 12 a factor of g?
False
Let t(f) = 3*f - 12. Let u be t(5). Suppose -u*y + 18 = 2*l + 5, -y + 1 = -l. Suppose 0 = -y*g - 2*g + 4*m + 152, -3*m - 122 = -4*g. Does 9 divide g?
False
Suppose 48 = -3*j - 0. Let d be (-8)/12 + j/(-6). Suppose 0*r - 3*u = -d*r + 118, -246 = -4*r + u. Does 20 divide r?
False
Let b(f) = -f**3 - 20*f**2 - 18*f + 16. Let i be b(-19). Is -22*-3*(-4)/i a multiple of 11?
True
Suppose -2*n = 5*v - 104, 54 = 4*v - 4*n - 46. Suppose -10 = -2*g + v. Is g a multiple of 14?
False
Let k(f) = -3*f**3 - 10*f**2 + 8*f + 52. Is 34 a factor of k(-8)?
True
Let i(l) = -3*l**3 - 7*l**2 + 2*l + 4. Let y be i(-3). Let v = 74 - y. Is 26 a factor of v?
False
Let z = -8 - 3. Let q = 39 + z. Does 7 divide q?
True
Let i(c) = -7*c + 13. Let d = 1 + -3. Let l be (2 - (-6)/3)*d. Does 23 divide i(l)?
True
Suppose s + 6*x - 103 = 2*x, 3*s + 4*x - 269 = 0. Let g = s - 38. Is 8 a factor of g?
False
Let r(t) = 66*t + 6. Let w be r(1). Is 18 a factor of (22/44)/(2/w)?
True
Let v(k) = 7*k + 64. Let u be v(-9). Let o be 16/(-12)*(-30)/4. Let b = o + u. Is b a multiple of 11?
True
Suppose -l + g = -105, -2*l = -6*l - 5*g + 420. Suppose -x + 0*x = -37. Suppose -k = x - l. Does 17 divide k?
True
Suppose -f - 132 + 494 = 0. Suppose -6*k + f = 56. Does 17 divide k?
True
Let r be (11/(-22))/(2/24). Does 24 divide 1800/27 + 4/r?
False
Let u(g) = 2*g**2 - 8*g + 8. Let w be u(7). Let a = -14 + 40. Suppose -2*x + 50 + a = -4*z, 2*z - w = -x. Does 11 divide x?
True
Suppose 0 = -16*c - 41 + 1161. Does 4 divide c?
False
Does 27 divide (1/5)/(22/104170)?
False
Let i(l) = -2*l**3 - 2*l**2 + l + 2. Let h be i(-2). Let y(b) be the second derivative of b**3/6 - 22*b. Is y(h) a multiple of 8?
True
Let q(k) = k**3 + 5*k**2 - 13*k - 5. Let u(x) = -2*x - 18. Let o be u(-6). Is q(o) a multiple of 11?
False
Suppose -242 = -5*l - 62. Suppose -2*c - 4*z - 1 = -23, -3*z = 3*c - l. Is c a multiple of 6?
False
Let j = -20 - -28. Suppose 0 = 4*h + 3*f - 25, -3*h + j*h - 11 = 3*f. Suppose -3*k + 76 - 15 = -4*u, -h*k + u = -103. Is 5 a factor of k?
False
Suppose 4*a - 2*w = 16, 2 = -a - 5*w + 6. Suppose 0*y - 2*y - l = -a, 3*y = -l + 8. Suppose -4*s - s + 15 = 0, u - 67 = -y*s. Is 34 a factor of u?
False
Let n be (-1)/(-3) + (-25)/(-15). Suppose n*i - 2 = -4*g, 2*g + 5 = 2*i - 5*i. Suppose 0*v = g*v - 40. Does 10 divide v?
True
Suppose -6*z = -4*g - 7*z + 6447, 0 = -3*g - 2*z + 4839. Is g a multiple of 9?
True
Let l(t) = -t - 1. Let r be l(1). Is 14 a factor of r - -1*(29 - 2)?
False
Let n = -79 - -213. Suppose n = 4*a - 418. Is a a multiple of 21?
False
Let j = 122 + -116. Suppose 411 = j*n - 255. Does 33 divide n?
False
Let c(v) be the first derivative of -v**6/360 + 13*v**5/120 + 3*v**4/8 + 11*v**3/3 - 6. Let s(t) be the third derivative of c(t). Is 15 a factor of s(9)?
True
Let f be 3 + -4 + (2 - -17). Is 13*((-6)/f + (-8)/(-6)) a multiple of 3?
False
Let v = 137 - 249. Let j = v + 20. Let n = 195 + j. Is 22 a factor of n?
False
Suppose 12*y - 18 - 42 = 0. Suppose 5*f = 5*i + 5, -2*f + 5*f + 2*i - 8 = 0. Suppose 252 = -f*m + y*m. Is m a multiple of 12?
True
Suppose 0 = -0*m - 3*m + 15, 5*m - 45 = -p. Is 6 a factor of p?
False
Let k = -98 + 101. Suppose -6*u + 3*u = -x - 3, -k*x + 61 = 5*u. Is 12 a factor of x?
True
Let x(i) = 4*i**3 - 4*i**2 - 1. Let n(g) = -3*g**3 + 4*g**2 - g + 2. Let t(z) = 5*n(z) + 4*x(z). Is 4 a factor of t(3)?
False
Let t be (-358)/10 + (-5)/25. Let i = t + 44. Does 2 divide i?
True
Suppose 262 - 5274 = -4*c. Is 23 a factor of c?
False
Suppose -p = -5*p. Let b(j) = -3*j - 1. Let y be b(-9). Let k = p + y. Does 11 divide k?
False
Suppose -6*i + 2*i = 12. Let s(f) = -7*f - 3. Let l be s(i). Does 16 divide (-162)/(-4) + l/12?
False
Let v be 37 + (-1 - (-1 + 4)). Let j(x) = x**3 - 5*x**2 - 8*x + 6. Let m be j(6). Let i = m + v. Is 10 a factor of i?
False
Let g(q) = -q**3 + 11*q**2 - 8*q - 9. Let c(a) = a**3 - a**2 - 4*a + 4. Let i be c(3). Let f be g(i). Does 2 divide 3/(-1) - (1 - f)?
False
Let d(o) = -o**2 + 8*o + 1. Let j(c) = 7*c**2 + 2*c - 2*c + 2 - c**3 + 4. Let q be j(7). Does 4 divide d(q)?
False
Suppose -455*x + 457*x = 1406. Does 19 divide x?
True
Suppose 4*v - 25 + 5 = -3*w, -2*w + 6 = -v. Let n = 284 - 52. Suppose w*f - n = -0*f. Does 15 divide f?
False
Let o(b) = b**2 + b + 605. Let x be o(0). Suppose 172 = 7*l - x. Is 36 a factor of l?
False
Let j(f) = 4*f**2 + 6*f. Let i(c) = -c - 19. Let b be i(-13). Is 20 a factor of j(b)?
False
Let x(w) = w**2 - 3*w + 4. Let r be x(0). Suppose -3*o = 5 - 2, -2*o - 338 = -r*n. Is n a multiple of 21?
True
Let w(q) = q**2 - 6*q + 5. Let y be w(4). Does 15 divide -1 - (y - (-1 - 1))*158?
False
Is 19 a factor of (3021/5)/(18/30)?
True
Suppose -595 = 2*k - 5*k + m, -3*k - 2*m + 601 = 0. Suppose -3*p - 40 = 2*n - k, -p - 2*n = -53. Suppose -4*f + p = 4*r + f, -5*f = -4*r + 83. Does 16 divide r?
False
Suppose 5*p = p + 12. Suppose 0 = 3*d - p*r - 513, -r - 819 + 300 = -3*d. Suppose 5*g = -2*f + 111, -2*g = 3*f + 3*g - d. Is 21 a factor of f?
True
Let r(a) = -97*a - 39. Is 42 a factor of r(-3)?
True
Suppose -4*s + 9*s - 2425 = 5*d, -2465 = -5*s - 3*d. Is 10 a factor of s?
True
Let h = 51 + -49. Suppose 5*y + h*o = 1154, -y + 289 = 2*o + 55. Is 46 a factor of y?
True
Suppose -3*s - u - 36 = -3*u, -s + u = 12. Let h(k) = k**3 + 12*k**2 + k + 24. Is h(s) a multiple of 5?
False
Let a be 58/5 + (-4)/(-10). Is 24 a factor of (-27)/a*64/(-6)?
True
Let a be -2 - (-3)/(-4)*(-32)/(-8). Is 38 a factor of 31 - a - (0 + -2)?
True
Let y = 4852 - 297. Does 12 divide y?
False
Let y(h) = -h**2 - 14*h - 9. Let s be y(-13). Suppose -3*w + 1 = s. Is 13 a factor of -39*((-1)/(-3) + w)?
True
Let p(x) = x**2 - 7*x. Let n be p(7). Suppose 5*v - d - 32 = 216, -4*v - 5*d + 181 = n. Is v a multiple of 10?
False
Suppose -3*o = -68 - 55. Let s = -29 + o. Is 6 a factor of s?
True
Let o(r) be the third derivative of r**4/2 + r**3/6 - r**2. Suppose 5*p = 2*p + 9. Is 16 a factor of o(p)?
False
Suppose -2872 = -5*o - 0*o + 4*n, 3*n - 2310 = -4*o. Is o a multiple of 9?
True
Suppose 12*d = 3535 - 199. Suppose -173 + 29 = 4*o. Is 34 a factor of d/4 - o/(-24)?
True
Let g = 0 - -3. Suppose -5*v + 5*d - 125 = 0, -29 - 44 = g*v - 4*d. Let b = 56 + v. Is b a multiple of 12?
False
Suppose 4*p + 2 = 42. Suppose 28 = -p*l + 14*l. Does 18 divide 312/l + (-3)/(-7)?
False
Let d(t) = 3*t**2 - 2*t + 1. Let m be d(1). Suppose 0 = 2*q - 2*s - 306, 0 = m*q + 3*s - 0*s - 291. Is 22 a factor of q?
False
Let d(v) = 42*v + 235. Is d(0) a multiple of 4?
False
Suppose 0 = -f - x - 87, -5*f = 2*x - 5*x + 475. Let n = -38 - f. Suppose b + b = n. Is b a multiple of 9?
True
Let o(l) = 5*l + 6. Let d = 8 - -22. Suppose 0 = 5*t - 5 - d. Is 20 a factor of o(t)?
False
Let c(f) = f**2 + 9*f - 41. Let z be c(7). Let x = z - 5. Is 11 a factor of x?
True
Let o be (-4)/4 - (3 - 22). Let b = o - 13. Is b even?
False
L